value of 0 + 12 - (27 + 14 + -46)?
17
Calculate -1 + ((12 - 14) + 13 - -10).
20
Evaluate 34 + -22 + (-7 - -31 - 9).
27
2 + -31 + (-45 - -34) + (-4 - -7)
-37
What is -52 - (37 + -60 + -4)?
-25
What is -27 + -1 + (28 - 0)?
0
Evaluate -9 - (-29 + 16 + -18).
22
Evaluate (-3 - -3) + -64 + 50.
-14
Calculate 8 - -19 - (-43 - -67).
3
What is the value of 2 + (-8 - -33 - (-3 - -14))?
16
What is the value of -3 - (8 - 26) - (-7 - (-9 - 7))?
6
What is -5 - (14 + -2 + -5)?
-12
Calculate 14 + 3 + 10 - (9 - -3).
15
What is 77 + -79 + (2 - (6 - 0 - -1))?
-7
What is -5 + 7 + -12 + (10 - (-29 - -51))?
-22
Evaluate 78 + -50 + -42 + (-3 - 15).
-32
(5 - -12) + (-70 - -35) + 1 + 1
-16
-10 - (-35 - (10 + -18) - 1 - -5)
13
Evaluate -9 + (1 + -1 - (66 - 76)).
1
What is the value of 10 + (10 - 27 - 5)?
-12
What is the value of 2 - 3 - -22 - ((56 - 20) + -31)?
16
1 + -12 - (-103 + 97) - (2 + 1)
-8
-1 + (9 - 0) - (6 - 1)
3
What is (-29 + (1 - -5) - -7) + 3?
-13
Evaluate -13 + (-1 + -8 - (-10 - 5)).
-7
Evaluate (4 - (-13 - -17)) + -21.
-21
What is 18 + -29 + 13 + -2 + (1 - 1)?
0
Evaluate -2 - -30 - (-34 + 20 - -24).
18
(-4 - (3 - (3 + -1))) + (118 - 98)
15
Evaluate -4 - (10 + -10 + 3 + 10).
-17
What is -5 + (2 + -4 - (8 - (20 - 1)))?
4
Calculate 11 + 4 + -14 + 1 - -5.
7
Evaluate (5 - (-2 - -4) - (3 - -4)) + 6.
2
21 - 18 - 1 - (14 - 2)
-10
Calculate (-4 + -1 + 1 - -5) + -4 + -17.
-20
-9 - (-3 + 10 + -3)
-13
5 + 3 - 3 - (2 + 4 + -5)
4
Evaluate 107 + -119 - (-4 + 4 + -41).
29
What is the value of 2 - (0 + 5 - (-20 + -31 + 62))?
8
Evaluate 13 + -16 + 5 + -13.
-11
What is the value of -3 - (-12 + 7 + -1)?
3
What is the value of (-35 - -20) + -6 - -9 - (1 - -6)?
-19
What is 20 - ((-9 - -29) + -26)?
26
Calculate (-1 + -1 - 2) + (-10 - (-27 - -11)).
2
Evaluate 0 - ((-4 - (4 + -4)) + 13).
-9
What is the value of -1 + -1 + -2 - (-9 + 19 + -6)?
-8
Evaluate -13 - (33 + -26 - (5 - 4)).
-19
What is the value of 2 + (-38 - -43) + (-3 - 2) + -2?
0
What is the value of (15 - (12 + 12)) + 3 + 23?
17
What is the value of (7 - (-11 + 5)) + -1?
12
Evaluate -6 + (1 - -22) + 7.
24
What is -83 - -65 - (-4 + -1) - -10?
-3
Evaluate 3 + 11 + -3 + -9 - 9.
-7
What is 9 + -3 + -16 - (-6 - -4)?
-8
What is (37 - 12) + 47 + -60?
12
What is the value of -39 - -9 - (-25 + 9)?
-14
58 + -38 + -10 + 3
13
98 - 84 - (0 + 8)
6
What is the value of (1 - -10 - 9 - -1) + -7?
-4
(20 - -19 - 7 - 19) + 7
20
Calculate 9 - ((-7 - -2) + -102 + 98).
18
What is the value of 1 - 10 - (21 + -18 - -2)?
-14
What is -7 - ((-6 - 9) + 1) - 6?
1
-10 + 9 + -5 + 3 - 6
-9
What is the value of -14 + (-5 - -12) + -1?
-8
Evaluate -24 + (-36 + 17 - -32).
-11
What is the value of 14 - (11 - (-20 - -33))?
16
What is (3 - (10 - 7)) + -3 + 4?
1
What is the value of 4 - 7 - (-10 - (-5 + 28))?
30
1 - (-2 + 4 + -5 + 18)
-14
Calculate -13 + 4 + (26 - 10).
7
Calculate 0 + (-9 - -4 - (-2 - 1)) + 6.
4
Calculate (-102 - -93) + -2 + 12.
1
Calculate (25 - 4) + -10 + -1 + -6.
4
3 + 0 - (4 + (-8 - 4) + 9)
2
What is 17 - (12 + -4) - 2 - 3 - 31?
-27
-1 - -31 - (-4 + (-2 - -5))
31
-30 + 9 + (-3 - -43)
19
2 - 1 - (-4 + -2) - 7
0
What is 4 + -8 + 12 + -13 + (-6 - -3)?
-8
(-2 - -5) + -8 + (-183 - -194)
6
What is -11 + 25 - (-1 - 5) - 4?
16
Calculate (-52 - -44) + -3 + 11.
0
Calculate -6 + (5 - ((3 - (0 - -8)) + 1)).
3
-1 + 22 + (-1 - -2) + 13 + -9
26
12 + 1 - (-56 + 96)
-27
Evaluate (-7 + 17 - 11) + 11.
10
What is (-17 - (9 + -16)) + -4?
-14
Calculate 3 + (21 - 18) + -21.
-15
What is -33 + (26 + -23 - (-9 + 1))?
-22
What is (-2 - -2) + -14 - (405 + -420)?
1
Calculate 65 - (7 - -10) - (9 - -3).
36
Calculate (-1 - 1) + -19 - (16 + 12 + -32).
-17
What is the value of (-1 - -2 - 11) + 17?
7
1 + (6 - (-19 - (3 - (6 + 0))))
23
What is the value of -9 + (5 - (-27 + -9 + (20 - 4)))?
16
Calculate -3 + 3 - (-5 - 2 - -7) - 0.
0
6 + (-2 - -4) - (7 + -1)
2
43 + -73 + -2 + 24
-8
What is -23 + 27 + -8 + 2?
-2
What is the value of -6 + -1 + -66 + 75 - -6?
8
What is 153 - 159 - (-2 - 11)?
7
Evaluate (2 - 10 - (-2 - 4)) + 0 - 4.
-6
Calculate -25 - ((-3 - -5) + -21).
-6
What is (-1 + 8 + -7 - -9) + -4?
5
What is (-3 - (-11 - 4)) + (3 - 7)?
8
Calculate 7 + -12 + (-3 - (5 + -38)) + 4.
29
Calculate -11 - (-5 + 5 + (-6 - -6) + -6).
-5
Calculate (-34 - (-23 - -3)) + 0.
-14
5 + (14 + -20 - (-9 - (-1 + 1)))
8
Evaluate (-12 - -2) + (10 - (8 - 4 - -4)).
-8
Evaluate 33 + -7 - 4 - 22.
0
What is -8 + -8 + (7 - -8 - 35)?
-36
Evaluate 1 + -17 + (23 + -10 - -9) + -15.
-9
What is (8 - 4) + -27 + -18 + 28?
-13
What is the value of (-3 - 0) + -2 + -22 + 14 + -9?
-22
What is the value of 6 + (-11 - (5 + (12 - 6)))?
-16
Calculate 3 + -18 + (1 - 1) + 31 + -27.
-11
3 + -8 + (23 - 19) - (-5 - -1)
3
(-11 - (1 - 7)) + -31 - -13
-23
What is the value of 21 + (-8 - 13) + 6?
6
-35 + (21 + 27 - 20)
-7
(-1 - -7) + -6 + (-27 - -13 - -22)
8
What is the value of -1 - -7 - (-5 - (-18 + 8))?
1
-17 - (1 + -7 + 0 - (-209 - -205))
-15
Calculate -6 + -5 + 7 + -1 - -10.
5
Calculate 20 - (55 - (9 + 10)).
-16
What is 19 + 4 + 4 + -7 - 10?
10
What is the value of (22 - 8) + 3 + -13?
4
What is -3 - (7 + 1 + 2 + -13)?
0
(24 - 7) + 5 - (3 - 10)
29
1 - 3 - ((-14 - -8) + 9 + 1)
-6
-13 - (3 - 7) - -6
-3
What is the value of 20 - (-6 + -8 + 9 + (5 - 0))?
20
What is the value of (15 + 12 - 12) + -4?
11
Calculate 19 - (23 + -2) - 17.
-19
Calculate 28 - (2 + -17 + 20 - (-2 - -1)).
22
Calculate -11 + (-2 - 2) + 8 + -1 + -4.
-12
What is -754 + 764 + -42 + -2?
-34
What is (-10 - (2 - 2)) + -3 + (-63 - -63)?
-13
Evaluate -7 - ((-33 - -61) + -27).
-8
What is (12 - 7) + 14 - 9?
10
Evaluate 0 + 4 - ((-3 - -2) + 11) - 8.
-14
What is 30 + -36 - (1 + -2)?
-5
Calculate (3 - (0 + 2)) + 74 + -54 + -25.
-4
What is -23 + (0 - 8 - (10 - 26 - -4))?
-19
What is the value of -23 + 2 - (-6 + 6 - -7)?
-28
Evaluate (9 - (2 + -1)) + -3 + -11.
-6
Evaluate -11 + 15 + -9 + 9.
4
What is -1 + -1 + -3 + 2 - (-191 - -182)?
6
What is the value of (2 - 3) + (-2 - 6 - -19) - 4?
6
Evaluate 3 - (-7 - -6) - (4 + 0).
0
What is -7 + (9 - (16 - 7)) + -9 + 0?
-16
349 + -348 + 0 + (-2 - -14)
13
Calculate -66 + (-33 - -76 - 17).
-40
What is -100 + 98 - (-1 + -5 - (-4 + 2))?
2
What is 57 + -51 + (1 - 5) - (4 - 9)?
7
Calculate -9 - 0 - (19 - (9 - -15)).
-4
What is the value of -2 + 12 - (-21 + 3 + 69 + -7)?
-34
What is the value of -7 + 23 - (-77 + 78)?
15
What is -13 - 14 - -17 - (1 - -6)?
-17
What is the value of (-26 - -6) + 16 - (2 - (2 - -14))?
10
What is (27 - 30) + (1 - 11)?
-13
What is the value of (-8 - -2) + 10 + -21 + 6 - 15?
-26
Evaluate 2 + (-1 - (-10 - -5 - 3)).
9
-2 + (-2 - -3) + (-31 - -35)
3
Evaluate -3 + -2 + (-12 - (-11 - -4)) + 1.
-9
Evaluate 30 - 2 - (24 + -15) - (1 - -5).
13
What is the value of (-14 + 25 - 5) + -12?
-6
Calculate (7 - ((-25 - -10) + 3)) + 3.
22
Calculate -14 + (15 + 7 - 7).
1
Calculate 3 - (63 + (29 - 56)).
-33
What is the value of (-7 - -5) + 5 + 5 + (-7 - -4)?
5
What is -6 + 12 + (54 - 76)?
-16
6 - 0 - -1 - (-4 - (-8 - -3))
6
What is 0 + (7 - 8 - 5) + (5 - 2)?
-3
Evaluate -58 + 20 - -28 - (-1 - 6).
-3
Calculate (9 - 15) + (21 - -2).
17
What is the value of 12 - (1 - -5 - -8)?
-2
Calculate 11 + (-5 - (1 + -14)) + -9 - -20.
30
7 - (64 - (4 + 6 + -1)) - -12
-36
-4 + -3 + -10 + 7 - -8
-2
Calculate (1 - 1 - -16 - 18) + -8.
-10
-14 - ((6 - 6) + -8 + -2 + 7)
-11
Calculate -21 - (33 - (7 - -33)).
-14
What is the value of -6 + (0 - -12 - -4) + -9?
1
2 - -2 - (375 - 336)
-35
Calculate 2 - (-10 + 3 + -2 + 0 + 6).
5
What is the value of -9 + (-10 - -36 - 10)?
7
Evaluate -19 + 29 - (9 - 2).
3
What is the value of 2 + (2 - (-1 - -1) - (189 + -189))?
4
What is the value of -7 - ((-2 - 2) + 3) - 11?
-17
What is the value of -10 + 10 - (-15 + -17 + 17)?
15
What is -8 + 14 - (12 + 0)?
-6
What is (-10 + -3 - -10) + 9 + -2?
4
What is the value of 2 - (37 + -28 + (1 - 1) + -5)?
-2
Calculate -39 - -39 - -9 - (1 - (5 + 1)).
14
-23 + (8 + -7 + -4 - 7 - -9)
-24
What is the value of -2 - (5 + (-4 - -2) - (26 - 18))?
3
What is the value of -4 + 2 - (7 - 10) - (6 + 1)?
-6
Evaluate 15 - ((-1 - 0) + 8 + 0).
8
Calculate (-9 - -7 - (4 + -2)) + 2.
-2
Calculate -14 + 4 - -8 - -6.
4
-2 - 1 - (3 + 7 - 2)
-11
Evaluate 33 - 15 - 9 - -14.
23
Evaluate -2 + 12 - (9 + (12 - 16)).
5
13 - ((6 - (-7 - -15)) + (4 - 5))
16
18 - (-18 + 0 - -32 - 18)
22
What is the value of 